9).
0
Calculate 19 - (18 + -17 + (-2 - -9)).
11
What is 18 + 1 + (327 - 341)?
5
What is -1 + -2 + 0 + 6 - (17 - 7)?
-7
Calculate 23 - (17 - (-13 - -20)).
13
What is 7 + 22 + (-11 - 6)?
12
What is the value of 29 + -21 - (-3 + 17)?
-6
What is (-6 - (-8 - -11)) + 4 - -13?
8
Evaluate (-7 - -27) + -6 + -12.
2
What is the value of -23 - (-24 - (-13 - -2))?
-10
Evaluate (11 - (0 - -3) - -1 - -5) + -4.
10
What is -6 + -1 - (-19 + 5)?
7
-13 - (15 + -9) - -5
-14
Evaluate -1 - 14 - (317 - 320).
-12
What is the value of 30 + -54 + 6 + 35?
17
What is -1 - 2 - ((-10 - -7) + 4 - -15)?
-19
What is the value of -5 + 0 + 1117 + -1105?
7
What is 43 + -19 - 19 - (1 + 5 - 1)?
0
Evaluate 1 + -4 + (5 - (-11 - -7)).
6
What is (-5 + 2 - (64 - 75)) + -5?
3
What is -2 + 10 + -7 - (19 + -2)?
-16
Evaluate 0 - -4 - -5 - (2 - -3).
4
Evaluate -25 + 29 - (10 + 2 + (4 - 10)).
-2
What is -7 + 15 + -3 - (19 + -24)?
10
What is 6 + -59 + 27 - -33?
7
3 - 4 - (0 - (1 - (-8 + 4)))
4
What is the value of 10 + 2 - (49 + (-13 - -7))?
-31
Evaluate 2 + (19 - (5 + 5)) + -9 + -4.
-2
Calculate (-2 - (-6 - (3 - 1) - -6)) + -5.
-5
Evaluate 5 - ((3 - 11) + 6 - -10 - -14).
-17
What is 0 - (-17 - (-18 - -4))?
3
What is the value of 40 - (-1 + 38 + 23)?
-20
What is -10 + -27 + 21 - (-3 + 6 - 10)?
-9
What is 24 - (-10 - (-7 - (10 - (14 + -11))))?
20
-145 + 142 - (-12 - 1)
10
Evaluate -2 + (2 - -3 - -1) + -17 + 17.
4
Calculate 1 + 13 - (6 + -13 + 8).
13
Calculate -17 - (-71 - -25) - -5.
34
Calculate 24 - ((-17 - -45) + 10).
-14
-9 - (6 + 4 + -16) - 7
-10
(4 + -9 - -1) + 53 + -30
19
Calculate 11 + (7 - (39 - 19)).
-2
-14 - (1 - 7 - 18)
10
Calculate (8 + (-12 - -7 - -1) - 1) + -16.
-13
Calculate -10 - (9 - (18 - 9 - -1)).
-9
Calculate -17 + 16 + -21 + 28.
6
What is the value of (8 - 22) + 5 + (-9 - 2 - -10)?
-10
Calculate 2 - (-6 - (-4 + -7)).
-3
Evaluate 16 - (39 + -11 + -6).
-6
Calculate -10 + 25 + -12 + 9.
12
Evaluate -11 + 8 + -8 + 19 + -12.
-4
What is the value of -5 + 7 + (0 + 2 - 6) - 4?
-6
Evaluate 5 + -4 - (-115 + 133).
-17
What is -40 + (104 - -5 - 30)?
39
What is the value of 15 + 5 + -7 + -5 + 10?
18
9 + (-20 - (7 + -28) - (0 + -4))
14
Evaluate -9 - -11 - 9 - (2 + 0).
-9
Calculate -2 - 0 - (60 - (61 - 5)).
-6
(7 - -5) + -24 - (-6 - (1 - 0))
-5
-17 - ((-37 + 34 - (-2 + 2)) + 2)
-16
Evaluate -20 + -1 - -23 - (1 - (2 + -1)).
2
Calculate -20 + 7 + 4 - (-1 + 2).
-10
-2 - 4 - (-19 + 13 + -23)
23
6 + 1 - (7 - 0)
0
Evaluate (1 - -2) + (-9 - (8 + -7)).
-7
Calculate -57 + 1 - (182 + -215).
-23
8 - ((-8 - 27) + 26)
17
What is the value of 10 - (-7 + 0 + (8 - (-4 - 0)))?
5
Evaluate (14 - (17 - -14 - 11)) + (25 - -1).
20
What is the value of -36 - -13 - (-8 - 9)?
-6
What is -4 - (-27 + 24 - (0 + 6)) - 14?
-9
-25 + (36 - 5) + -16
-10
Evaluate 211 + -217 - (0 + 1).
-7
What is the value of -29 - (2 + -10) - -23?
2
What is the value of -22 + (3 - -1) + 20?
2
What is the value of (-41 - -45 - (-1 + -8)) + -9?
4
Calculate -69 + 86 + (0 - 0 - 2 - -5).
20
What is 34 + (-42 - -25 - 6)?
11
Calculate 1 + 0 + 3 - (60 + (18 - 84)).
10
13 + 7 + -6 + -2
12
Calculate -18 + 10 + 23 + (-32 - -17).
0
What is the value of -5 - (12 + 8 + (6 - 17))?
-14
What is -4 - (20 + 0 + -17)?
-7
Calculate -10 - -6 - (8 - 15).
3
What is (-23 - (-4 - 15)) + -11?
-15
-4 - (-8 + -22 + 38)
-12
Evaluate 41 + -93 + 13 + 45.
6
-12 + 2 - 12 - -18
-4
Calculate (-2 - -4) + -4 - (-294 + 313).
-21
12 + (-13 - 4) + (16 - 12)
-1
Calculate -6 + 18 + 17 + -13.
16
Evaluate -44 + 16 + 82 - 32.
22
-19 - (18 + (6 - 4 - 16))
-23
(-25 - (4 - 37)) + -23 + 1
-14
What is (31 - 30) + -9 - (0 + 6)?
-14
Calculate 4 - (6 + (-7 + 4 - (6 + -11))).
-4
2 + (-7 - -13) + -14 - -5
-1
(-21 + -12 - 3) + 20
-16
Evaluate -2 - (15 - 8) - (-4 - (-4 - 4)).
-13
Calculate (-12 - (5 - 2)) + (-418 - -459).
26
What is -12 + (-4 + 3 + -4 - (-11 - -7))?
-13
Evaluate 3 + -12 - ((-5 - 0) + 11).
-15
What is 5 - (7 - (1 - 8)) - 2?
-11
-23 + (10 - (-1 + 2) - (-65 + 64))
-13
What is the value of (14 - 26 - -7) + 6?
1
What is the value of 8 - (8 - 1) - 7?
-6
Evaluate -80 - -74 - (3 + 0 + -35).
26
What is -169 + 176 - (-1 + 17)?
-9
Evaluate -23 - (7 + (-6 - 8) - (-1 - 0)).
-17
Evaluate 5 + -11 + -3 + 4.
-5
-2 + 2 + (-11 - -7)
-4
Calculate -2 + -3 + -1 + 17.
11
Evaluate 3 - 8 - (21 + -29) - 5 - 4.
-6
What is the value of 7 + 0 + -108 + 110?
9
Calculate (-2 - -6 - 11) + 24 + -1.
16
What is the value of (21 + 13 - 14 - 11) + -5?
4
Calculate -2 + 2 + -4 - (1 - -3) - 1.
-9
What is 22 - 3 - (-143 - -150)?
12
What is the value of 0 - ((-3 + 11 - 1) + (-23 - 5))?
21
What is (11 - (33 + -16)) + 41?
35
20 - (-8 - 4 - (-42 - -25))
15
Calculate 38 + -38 + 30 + -21.
9
Evaluate 12 - (-13 + 93) - -45.
-23
What is 22 + (2 - -11 - 17)?
18
Calculate 2 + (-8 - 19) + 44.
19
-7 + (8 - -3 - 2) - 6
-4
Calculate (17 - -12) + -13 - 14 - 34.
-32
Evaluate -36 + 34 + -18 - (-9 + 1).
-12
What is the value of 63 + -18 + -10 + -29?
6
What is the value of -324 + 326 - (-1 - 6)?
9
Evaluate -15 + (-19 - -24) - -15.
5
Evaluate (-12 - 22) + 7 + 8.
-19
Evaluate 24 + -57 - (-45 - 12).
24
Evaluate 20 + (-5 - (-6 - (-5 - 3))).
13
Evaluate -6 - ((9 - -4) + 0).
-19
What is the value of (2 - 1) + -15 - -14?
0
What is the value of (111 + -122 - (1 - 12)) + 9?
9
What is the value of -12 + (2 - 5) + 23?
8
What is 7 + 1 + -3 - 13 - 3?
-11
What is the value of 4 + (12 - 5 - 1)?
10
What is the value of (-818 - -808) + (0 - 2) + 31?
19
What is 6 + -39 + (-14 + 2 - -21)?
-24
What is (75 - 57) + -29 + -5?
-16
Evaluate 2 - 3 - (5 + 2 + 8 + -3).
-13
Calculate -5 - (1 - 26 - (-165 + 169)).
24
What is 12 - (15 + -9 + 9)?
-3
-1 + (-1 - 7) + (-45 - (-53 + 21))
-22
(-1 - -23) + (-4 - (-8 + 27 + -15))
14
What is -1 - 11 - (67 + -68)?
-11
What is the value of (-31 - -17 - -10) + -3?
-7
Evaluate 10 + (10 - 16) + -11 + 0 + 10.
3
(1 - ((-6 - (-5 - -3)) + -4)) + 0
9
What is (-19 - -1) + (-9 - (-13 + 2))?
-16
Evaluate (2 - -5) + (12 - 6 - 6) + 7.
14
Calculate 5 - (9 + -3) - -6.
5
3 - ((-3 - 19) + 14)
11
Calculate -9 + 11 - 10 - -4.
-4
What is the value of -13 - -9 - -4 - -9 - 5?
4
5 + 1 + -2 + -2 + -9 + -8
-15
What is (19 - 15 - (-6 + 3 - -26)) + 5?
-14
What is -85 + 94 - ((-5 - -3) + 9) - -20?
22
Evaluate -1 - -14 - (106 - 77).
-16
Calculate (-16 - -52 - 10) + -17 + -4 + -1.
4
Evaluate 32 + -29 + 19 + (-9 - 0).
13
9 - (7 - (12 - 21) - -23)
-30
What is 21 - 2 - -12 - 6?
25
Evaluate -38 + (-41 + 73 - 13).
-19
-1 - (11 - 2) - (-34 + (61 - 41))
4
-28 + (-6 - -6 - -9) + 8 + 2
-9
What is the value of 13 + (-4 - 3) + 10 + 4?
20
Evaluate 1 - 3 - (9 + -34 + 22).
1
(-26 - (8 - (10 - -13))) + 29
18
Evaluate -7 - (23 - 2) - 1.
-29
What is the value of 23 - ((17 - -25) + -32)?
13
Evaluate (23 - (15 - -17)) + 1.
-8
Calculate (35 - 11) + -19 + -6.
-1
What is the value of 40 + -10 + 2 + -19?
13
Calculate 7 - 31 - -7 - 3 - -7.
-13
Calculate (3 - -21 - 17) + -8.
-1
Calculate -1 + (10 - (2 - 4)).
11
What is the value of 5 + (14 - 7 - -6) + -10?
8
What is (2 - 2) + -4 + (0 - -7) + 5?
8
What is 4 + (-6 - (-14 - -19))?
-7
Calculate (-28 - -25) + -2 + 23.
18
Evaluate (-52 - -42) + 1 + -2.
-11
What is 5 + -2 + 2 + (-4 + 1 - 7)?
-5
Evaluate -10 - -11 - -3 - -6.
10
What is (-31 - -37) + -36 + 57?
27
Evaluate 1 + 5 + 4 + -11 + -11.
-12
Calculate (-9 - -11 - 6) + (-9 - (4 + 0)).
-17
What is -9 + 12 + -5 + -7 - -6?
-3
What is 13 + 0 + -7 + -4?
2
Calculate 4 + -10 + 8 + -10.
-8
Calculate 17 + -7 - (5 + (-2 - 0 - 1)).
8
Calculate -19 - 4 - -51 - 9.
19
Calculate -7 + (1 - 1 - ((-25 - -5) + 42)).
-29
What is the value of (-1 - (-9 - -8)) + 1 - 4?
-3
What is the value of 11 + -24 + (12 - 6)?
-7
What is -8 + (73 - 27) - 11?
27
Calculate 5 - (7 + -1 + -8 + -4).
11
Evaluate -4 + 8 - (-2 + -3 + (0 - 0)).
9
9 + -14 - (-2 + -2)
-1
Evaluate (5 - (6 - 2)) + (-4 - (-14 + -2)).
13
Evaluate 46 + -46 + 4 + 0 - (11 + -23).
16
Evaluate -18 - (-5 - 7 - -16).
-22
Calculate 0 + 7 + 8 + (-2 - 7) + -21.
-15
What is the value of (19 - (4 - -3)) + -38 + -9 + 5?
-30
What is (-17 - -34) + -24 - -41?
34
Calculate 10 + 0 - (-11 + 10).
11
What is the value of 15 - (22 - 12) - (-3 + 2 + 10)?
-4
Evaluate 0 + 0 + 75 + -54 + -3.
18
What is 16 + (-34 + -1 - -3)?
-16
Evaluate 8 + (-16 + 1 + 20 - (0 - 0)).
13
Calculate 11 - (-15 + 2 + 6 - (-3 - -1)).
16
What is the value of 12 - (6 + -7 + 0 + (2 - -1))?
10
Calculate